erivative of 23/2*j**2 + 27 + 7*j - 1/3*j**3. What is the units digit of d(23)?
7
Suppose 20*i + 80 + 40 = 0. What is the thousands digit of (i + 3)/(-3)*1314?
1
Suppose 42*i - 26*i = 32. Suppose -2*h + 3882 = i*d, 4*d = -0*h - 7*h + 13599. What is the thousands digit of h?
1
Suppose -100 - 112 = -4*z. Let t(m) = 2*m**2 + 15*m + 10. Let k be t(-7). Suppose -d + z = 5*p, 248 - 71 = 3*d - k*p. What is the units digit of d?
8
Suppose -112*q + 41*q = 382 - 5636. What is the tens digit of q?
7
Let a = 50 - -58. Suppose 0*z + a = 2*z. Suppose -246 = -6*s - z. What is the tens digit of s?
3
Suppose -i + 0*h = -3*h - 96, -4*i + 469 = 5*h. Let y be (-15)/(-6)*(-860)/(-50). Suppose u = i - y. What is the tens digit of u?
6
Let a(v) = 918*v + 6337. What is the ten thousands digit of a(7)?
1
Let f(r) = -2*r**2 + 17*r + 11. Let q be f(9). Suppose -q*l + 4*l + 13 = -5*n, 4*n + 20 = -4*l. What is the hundreds digit of (5 + n)*(-549)/(-12)?
1
Let m be (3/3)/(2/4) - 8. Let l be (-261)/(-6)*(-4)/m. Let d = l + 52. What is the tens digit of d?
8
What is the units digit of -8 - (-5369 - (8 - 11) - 2)?
0
Suppose -141*g - 61*g + 5921226 = 0. What is the tens digit of g?
1
Let l = -34 + 36. Suppose -3*k - 122 + 365 = l*p, -5*k = p - 139. Suppose 5*y + p - 464 = 0. What is the units digit of y?
0
Let q(d) = 6*d**2 + 5*d - 34. Let n be q(-15). Suppose -11*r + 3*x + n = -7*r, -603 = -2*r + 5*x. What is the tens digit of r?
1
Let t be (-22)/(-18) + (-20)/90. Let f be (-94)/(t - (-15)/(-9)). Let p = f - 58. What is the units digit of p?
3
What is the tens digit of 73/(-438) + (48889/6 - 3)?
4
Let o(f) = -4882*f + 2877. What is the hundreds digit of o(-11)?
5
Let r = 7424 + 645. What is the tens digit of r?
6
Let v = 381 + -379. Suppose 4*i - 4*m - 600 = 0, v*i + 0*i + 5*m - 279 = 0. What is the units digit of i?
7
What is the hundreds digit of 9482764/156 + (-314)/(-6123)?
7
Suppose 0 = -26*h + 10*h + 14752. Let m = -173 + h. What is the hundreds digit of m?
7
Let a(x) be the first derivative of -x**4/4 + 10*x**3/3 - 15*x**2/2 - 2*x - 26. Let r be a(8). Suppose 14*n - r*n = 320. What is the units digit of n?
0
Let q be (-6577 + 1)*(-24)/32. Suppose 7*j = 1410 + q. What is the hundreds digit of j?
9
Let f = -424 + 428. Suppose f*x + 399 = m, -15*x + 850 = 2*m - 10*x. What is the hundreds digit of m?
4
Let a(r) = -r**2 + 207*r + 164. What is the units digit of a(59)?
6
Suppose 2*s = 79 - 71. Let y(n) = -5 - 6 - 4*n**3 + 4 + 7*n + 5*n**3 - s*n**2. What is the hundreds digit of y(6)?
1
Suppose -3*l - 16 = 8. What is the hundreds digit of 360 + (-6 - l) + -6?
3
Suppose v = 3*g - 12, -1 = 4*g + 3*v - 4. Let n(o) = 20*o**g - 40*o**3 + 19*o**3 + 9*o**2 + 2. What is the units digit of n(9)?
2
Let m = 11116 - 6126. What is the tens digit of m?
9
Let d(h) = 3*h**2 - 17*h + 33. Suppose -4*c - 48 = 2*l, 43 = -l + 4*c - 5. Let g = 42 + l. What is the tens digit of d(g)?
6
Let y(z) be the first derivative of 2*z**3/3 + z**2/2 - 29*z + 4. What is the units digit of y(11)?
4
Let c = -5634 - -9621. What is the tens digit of c?
8
What is the tens digit of ((-1044)/58)/(1 + (-2228)/2216)?
2
Let c be 8/(-12) + 656/(-6). Let a = c + -80. What is the units digit of a/(-3) + (-5)/15?
3
Let i(g) = 217*g**3 + 27*g**2 - 24*g + 10. What is the tens digit of i(4)?
3
Let f(c) = 41*c**3 - 10*c**2 - 20*c + 196. What is the units digit of f(7)?
9
Let d(n) = n**2 - n - 1. Let a(l) = -17*l**2 + 5*l + 17. Let j(b) = -a(b) + 3*d(b). What is the hundreds digit of j(-3)?
1
Let d(t) = t**3 + 14*t**2 - 28*t + 65. What is the tens digit of d(14)?
6
Let q be -3 - (16 + 2)/(-1). Let y = -4 - -16. What is the tens digit of q + (7/2 - y/24)?
1
Suppose 5*i = 6*i - 3. Suppose -2*b + 2*f + 206 = 0, f + 303 = i*b - 4*f. Suppose l = -l + b. What is the tens digit of l?
5
Let y = 54802 + -36252. What is the tens digit of y?
5
Let m(w) = w**3 + 10*w**2 - w - 3. Let y(v) = -2*v**3 - 21*v**2 + v + 7. Suppose 1 + 8 = 3*l. Let z(n) = l*y(n) + 5*m(n). What is the tens digit of z(-13)?
3
Let x be (-4)/(-40) + 39/10. Suppose -f + x*f - 3*q - 2406 = 0, -f = 4*q - 807. What is the tens digit of f?
0
What is the tens digit of (-60 - -95)*(6/14)/((-21)/(-238))?
7
Suppose 60 = -27*k + 37*k. Suppose -k*a + 3766 = 8*a. What is the tens digit of a?
6
Let g = 156 - 154. Suppose -805 = -5*d - g*d. What is the hundreds digit of d?
1
Let g = 157 - 113. Let c = g + 18. What is the units digit of c?
2
Suppose -6*l = -33 + 1953. Let u = l + 670. What is the units digit of u?
0
Let t = 7041 - 2693. What is the units digit of t?
8
Let j(t) = t**3 + 11*t**2 + 3. Let o = -18 - -24. What is the hundreds digit of j(o)?
6
Let y(v) = -v**3 + 8*v**2 - 9*v + 7. Let u be y(6). Suppose 40 = 5*h + u. Suppose 5*o = 4*f - 326, -2*o - 250 = -h*f - o. What is the units digit of f?
4
Let f be ((-20)/(-25))/4*1535. Let u = f + -195. What is the hundreds digit of u?
1
Suppose a + s - 2 = 0, 3*a + 11*s = 7*s + 2. What is the units digit of 908 - a - 1/(-3)*0?
2
Let v = -44393 - -77751. What is the ten thousands digit of v?
3
Let w = 74166 + -25569. What is the ten thousands digit of w?
4
Let g be -2*5/4*-2. Let c be (34/g)/((-6)/(-120)*1). Suppose i = -52 + c. What is the tens digit of i?
8
Suppose r - 3*h = 1136, -3432 = -3*r + 7*h - 6*h. Suppose 3*k + 999 = 5*a - 898, 5*k - r = -3*a. What is the hundreds digit of a?
3
Suppose d + 2*c + 59 = -0*d, 0 = -2*c + 2. Suppose -4*u = -3*a + 546, 3*a = -286*u + 284*u + 528. Let g = a - d. What is the hundreds digit of g?
2
Let b = 95601 - 135810. What is the units digit of (8/20)/1 + b/(-65)?
9
Suppose -5*j - 2*r = -35 + 54, r = -4*j - 14. What is the tens digit of (-2321 + j)*(-4)/(9 + -1)?
6
Let c = 2 + 7. Let p(q) = c*q**2 + 3*q + 4 - 19*q + 10*q. What is the units digit of p(3)?
7
Let y be 3 - 0 - (4 + -5 + -1313). Suppose 4*q + y = 4*g - 431, 1 = q. What is the hundreds digit of g?
4
Suppose -5*x + 0 = -5, x = -a - 1395. Let r = 693 - a. What is the units digit of r?
9
Let w(x) = 50*x**3 + 12*x**2 - 105*x - 54. What is the ten thousands digit of w(10)?
5
Let b(r) = 655*r + 34. Let t be b(2). Suppose -3*m = -4*p + 7*p - t, 4*p - 2237 = -5*m. What is the hundreds digit of m?
4
Let s(p) = -3572*p - 373. What is the tens digit of s(-12)?
9
Let w(i) = 8*i - 7. Let n be w(2). Let h be 56 - 3/n*-3. Suppose 2*s + 8*p = 5*p + h, 2*p = 3*s - 53. What is the tens digit of s?
2
Let q = -341 + 201. Let r = -98 - q. What is the tens digit of 4/(-7) - (-570)/r?
1
Let d(x) = -105*x + 12 + 3*x**2 + 97*x + 27*x**2. What is the tens digit of d(3)?
5
Let u = -4596 + 19435. What is the thousands digit of u?
4
Suppose 0 = -5*k - 2*p + 42730 + 35514, 0 = 5*k - 2*p - 78256. What is the ten thousands digit of k?
1
Let b = -2632 + 10129. What is the tens digit of b?
9
Let o be 3 - (-15 + (-8)/2). Let p = o - 22. Suppose 0 = -3*k - 4*u + 186 + 332, p = -k + 5*u + 198. What is the units digit of k?
8
What is the ten thousands digit of (-444)/(-777) + (-162)/14 - -26519?
2
Let m = -31 - -12. Let l = 210 + m. Suppose 4*p + n - l = 0, -p - 3*p + 2*n + 206 = 0. What is the tens digit of p?
4
Let q = -220 + 284. Let s = q - -203. What is the hundreds digit of s?
2
Suppose -20 = -5*d, 11265 + 32507 = 5*k + 3*d. What is the tens digit of k?
5
Let b(p) = p**3 + 9*p**2 + 11*p - 16. Let k be b(-7). Suppose 2*t - 5*v = 884 - 65, 5*t = k*v + 2025. What is the units digit of t?
2
Suppose -39*b = -35 - 121. Suppose -5*z = -2*m + 2368, z + 4758 = b*m + 2*z. What is the hundreds digit of m?
1
Let k(l) = -10*l**2 + 51*l - 3. Let h be k(5). Suppose 3*f + u = 1369, -h*f = -3*u + 6*u - 901. What is the hundreds digit of f?
4
Let m = 137589 - 95242. What is the thousands digit of m?
2
Let h(m) = 636*m**2 - 234*m + 2082. What is the units digit of h(9)?
2
Let d = 93 + -89. Let i be 20/(-40) + 10/d. Suppose 148 + 80 = i*p. What is the hundreds digit of p?
1
Suppose 673495 + 1926779 = 382*d. What is the tens digit of d?
0
Let o = -72673 - -121253. What is the thousands digit of o?
8
Suppose -i = -0*i + g - 3, -g + 3 = -4*i. Suppose i*s - 621 = -3*s. Suppose -s = -5*z + f + 119, 0 = 5*z + 3*f - 342. What is the tens digit of z?
6
Let y(w) = 46*w - 235. Let o be y(6). Suppose -22*a + o*a - 9690 = 0. What is the units digit of a?
0
Suppose 5*j - 8*j = -15. Suppose -j